late the highest common divisor of 2 and r.
2
Let g = 12 + -6. What is the greatest common factor of 66 and g?
6
Let p be 6 + (-61 - -4)*-2. Calculate the highest common divisor of p and 15.
15
Suppose -5*o + 9 = p - o, -o = 0. Let j = 33 + -15. What is the highest common divisor of j and p?
9
Suppose 2*y - 5*y - 423 = 0. Let m = 261 + y. Calculate the highest common divisor of 20 and m.
20
Let d(o) = -25*o - 8. Let f be d(-10). What is the greatest common factor of f and 22?
22
Suppose -231 = -2*o - o. Suppose -4*h - 5*a = -o - 58, 15 = -3*a. Suppose -s + 13 = 3*l, 4*l + 3*s - 8 = 6. What is the highest common divisor of h and l?
5
Let w = -24 - -45. Calculate the greatest common divisor of 42 and w.
21
Suppose -2*d - 21 = -l, -2*l - 3*l = -3*d - 119. What is the greatest common divisor of l and 25?
25
Let n = -11 + 6. Let d be 1/n - 52/(-10). What is the greatest common factor of d and 40?
5
Let x = 50 + -34. Suppose -4*l + 183 = -273. Let z = l - 66. Calculate the highest common divisor of x and z.
16
Let h = 14 + -10. Suppose -96 = 2*x - h*x. Calculate the greatest common divisor of x and 6.
6
Suppose 0 = -4*t + t + 12. Calculate the greatest common factor of t and 20.
4
Let l(w) = 2*w**3 - 4*w**2 + 3*w + 4. Let o be l(4). Let q = 9 + -3. Let i be (4/q)/(2/30). What is the highest common factor of o and i?
10
Let v be (-2 - 0)/(1/(-33)). Let z be (-6)/(-9)*11*6. What is the highest common factor of v and z?
22
Let h = 62 - 44. Calculate the greatest common factor of 126 and h.
18
Suppose 4*t = o + 4*o - 72, -3*o = -3*t - 42. Calculate the highest common factor of 64 and o.
16
Let l(c) = c**3 - 4*c**2 + 3*c + 2. Let j be l(3). Let h be (2/j)/(-1) + 5. What is the greatest common factor of h and 6?
2
Suppose 4*m + 3 = 19. Calculate the greatest common divisor of 36 and m.
4
Let p(g) = g**3 - g**2 - 4*g + 5. Let t be p(0). Suppose 6*q = 2*q - 40. Let l be 1/5 - 98/q. Calculate the greatest common factor of l and t.
5
Suppose -4*s + 0*s - 20 = 0. Let r be 534/15 - 2/s. Calculate the highest common divisor of 24 and r.
12
Suppose -45 = -5*v + 25. Let d = -10 + v. What is the greatest common divisor of d and 44?
4
Let s be (4/3)/((-2)/18). Let x = s + 21. Suppose -v + 0*v + 99 = 0. Calculate the highest common factor of x and v.
9
Let n be (-4356)/(-54)*(-3)/(-2). Calculate the highest common factor of 22 and n.
11
Let w = 241 + -136. Calculate the highest common divisor of w and 21.
21
Suppose -46 = -4*u - 2*l, 6*u - 5*l = u + 35. Suppose i + 3*w = 86, -2*w + 236 = 3*i - 4*w. What is the greatest common divisor of u and i?
10
Let t(r) be the first derivative of 8*r**2 - r - 1. Let y(f) = f**3 + f**2 - 1. Let a be y(1). Let b be t(a). What is the greatest common divisor of 6 and b?
3
Suppose -c - 6 = -3*c. Suppose c*i - 5 = 7. Calculate the greatest common divisor of i and 28.
4
Let o(i) = -i**2 - 15*i + 16. Let n be o(-13). Calculate the greatest common factor of 56 and n.
14
Let t = 9 + 9. What is the greatest common factor of 2 and t?
2
Let v(o) = -o - 1. Let u be v(-2). Let g = u - 0. Suppose -d = -4*l + l + 9, 3*l = -2*d. What is the highest common factor of g and l?
1
Suppose 2*q - 3 = -1. Let m(i) = 4*i - 1. Let w be m(q). Suppose 0 = -p + v - 0*v + 5, -3*p = w*v - 21. What is the greatest common factor of 6 and p?
6
Suppose 2*g + 14 = a + 4, 0 = a - 4*g - 18. Suppose 53 + 117 = a*c. What is the greatest common divisor of 17 and c?
17
Suppose 0*h = 2*h + 2*d - 172, 0 = 5*h - d - 400. Let a = h - 54. Calculate the highest common divisor of 3 and a.
3
Suppose 22 = 3*f - 2*b, -4*f + 5*b + 11 = -9. Let m be f*3/(2 - -1). What is the greatest common factor of m and 25?
5
Let m = 7 + -5. Suppose -3*i - m = 3*y + 4, 22 = y - 5*i. What is the greatest common factor of y and 8?
2
Let a = 6 + -8. Let o be 1/(a*2/(-24)). Let h = 47 - -13. Calculate the greatest common factor of o and h.
6
Suppose 3*m - 21 = -4*i, -m + 25 = 4*i - 2*m. Suppose -2*y = 5*k - y - 261, -1 = -y. Let d = k + -37. Calculate the greatest common divisor of d and i.
3
Let g(u) be the second derivative of u**3/3 + 4*u**2 + 9*u. Let b be g(8). What is the highest common factor of b and 8?
8
Let f(a) = 9*a**2 + 3*a - 2. Let u be f(3). What is the greatest common factor of 8 and u?
8
Suppose 5*r - 246 = -s, -r - 3*r + 184 = 4*s. Let l = r + -18. What is the greatest common divisor of 48 and l?
16
Let j(m) = -212*m**3 - 2*m**2 + 1. Let w be j(1). Let t = w - -411. Calculate the highest common factor of 18 and t.
18
Suppose z + 2*z - 15 = 0. Suppose -2*x + 25 = -z*r, 4*r + 5 = 3*x + 3*r. Let a be x - ((-3)/1 + -2). Calculate the greatest common divisor of 25 and a.
5
Let y(m) = m**3 + 6*m**2 - 2*m - 8. Let r be y(-6). Suppose -r*j - j = 4*d - 140, 5*d = 25. What is the greatest common factor of 6 and j?
6
Suppose f - 3*f + 32 = 0. Calculate the highest common divisor of f and 80.
16
Let v(j) = -j - 1. Let n be v(-3). Suppose 0 = 4*g - n*a + 2, -g - a + 8 = 4*g. Let u be -3 + (-12)/(-3)*1. Calculate the greatest common factor of g and u.
1
Let z be (-2 + 14)/(-4) + 164. What is the highest common divisor of z and 23?
23
Let v(g) = -g**2. Let o(x) = 7*x + 1. Let d(k) = o(k) - v(k). Let w be d(7). What is the greatest common factor of w and 9?
9
Let w(u) = u**3 + 11*u**2 - 6*u - 7. Let b be w(-6). Suppose -h - 2*m = -11 - 12, -h = -2*m - 15. Calculate the highest common divisor of b and h.
19
Suppose 2*k = -0*k + 392. Let i(p) = p**3 + 13*p**2 + 10*p + 4. Let h be i(-12). Calculate the greatest common divisor of h and k.
28
Let j = -287 + 511. What is the highest common factor of j and 28?
28
Let s(p) = p. Let t(h) = 38*h - 3. Let y(k) = 4*s(k) + t(k). Let w be y(2). Let u be -1 + (2 + -1 - -9). Calculate the greatest common divisor of w and u.
9
Suppose c - 6 = -2*u, -u - 3*c = -0*c + 7. Suppose -3*i - 2*m = -19, i + u*m = -0*m + 2. Let d = i + -2. What is the greatest common divisor of 10 and d?
5
Suppose 2*u - 374 = -3*v, 0 = -4*v + 2*u - 0*u + 508. Calculate the greatest common factor of 14 and v.
14
Let f(h) = h**3 - 5*h**2 + 4*h - 10. Let i be f(5). Calculate the greatest common divisor of 120 and i.
10
Let w = 23 + -15. What is the highest common factor of w and 56?
8
Let c(a) be the third derivative of a**5/60 + a**3/6 + a**2. Let d be c(3). What is the highest common factor of d and 70?
10
Let s be 24/((-6)/24 + 7/4). Calculate the greatest common divisor of s and 2.
2
Suppose 0 = -a + 45 + 5. Calculate the greatest common factor of 10 and a.
10
Let r(b) = b**2 + 13*b + 21. Let d be r(-14). What is the greatest common divisor of d and 5?
5
Suppose 0 = -5*s - 4*d + 57, 0*d = -3*s + 2*d + 21. Let b = 128 + -47. What is the highest common factor of b and s?
9
Let h(q) = -39*q - 1. Let s be h(-2). Suppose -t - 5*y = -30, -2*t + 125 = y - 4*y. Suppose 0*r + t = 5*r. Calculate the greatest common divisor of r and s.
11
Let y be 71/((-2 - 0) + 3). Let p = -14 + y. Suppose l = -4*k + 64, 1 = -4*k + l + p. What is the highest common factor of 5 and k?
5
Let f(o) = 67*o**3 - 2*o**2 + 1. Let w be f(1). Suppose -3*c = -11 - 4. Suppose -j + 2*m + 21 = 0, 25 - c = -4*m. What is the highest common factor of j and w?
11
Let d(z) = z**3 - 6*z**2 - 7*z + 15. Let q be d(7). What is the greatest common divisor of q and 60?
15
Suppose 0 = 2*j - 0*k - k - 9, 2*k = -3*j - 4. Suppose -4*n - j*t = -80, 5*n - 2*t + t = 100. Calculate the highest common divisor of 5 and n.
5
Let h(w) = w**2 - 25*w + 57. Let r be h(24). Calculate the highest common divisor of 66 and r.
33
Let c(q) = q + 9. Let a be c(-7). Suppose 0 = -3*u + k + 2, 4*u + a*k = -k + 20. What is the highest common factor of 8 and u?
2
Let d = 32 - -113. Let r = 265 - d. What is the greatest common divisor of 15 and r?
15
Suppose 0 = w - 2*m - 19, m = -4*w + 40 + 54. Calculate the highest common divisor of w and 69.
23
Suppose 0*r = 2*r - 40. What is the highest common divisor of r and 140?
20
Let w(m) = m**2 - 4*m + 15. Let b be w(13). What is the highest common divisor of b and 12?
12
Let u be ((-84)/48)/(1/(-4)). Let z be 46/4 - u/(-14). What is the highest common factor of 24 and z?
12
Suppose p - 3*p = 8. Let t be 1/(p/(-56)) - 3. Calculate the greatest common divisor of t and 44.
11
Suppose -4*k + 15 = -k. Suppose -k*d + 8 = v - 3,